it of v(-6)?
9
Let n = -5 - -7. Let j be ((-17556)/(-30))/7*n*5. Suppose -k = -3*u + j, -5*u + 0*k = 5*k - 1360. What is the units digit of u?
7
Suppose 890 = 4*w - 482. Suppose 5*c + w = 12*c. What is the tens digit of c?
4
Let g = 83 + 110. Let s = -85 + g. What is the units digit of s?
8
Suppose -119*x = 127*x - 1442477 - 587515. What is the tens digit of x?
5
What is the units digit of 4/10 + (-2280488)/(-280)?
5
Let u(i) = -i**3 + 11*i**2 + 14*i - 31. Suppose 8*m = 4*m + 16, -a = -m - 3. What is the units digit of u(a)?
3
Let x be (-504)/(-18)*4/14. Let p be ((-2)/6)/(9/(-54)). Suppose 5*b = p + x. What is the units digit of b?
2
Let d(i) = 3*i**2 - 3*i + 3. Let h(u) = 4*u + 1. Let j be h(16). Let z = j - 63. What is the units digit of d(z)?
9
What is the units digit of 8440 + 396/110 + (-6)/10?
3
Suppose 47*b - 41*b = 24. What is the hundreds digit of b/28*2125 - (-3)/7?
3
Suppose -2*q - 2*n + 15398 = -0*n, 2*n = 0. What is the tens digit of q?
9
Let z(f) = -52*f**3 - 6*f**2 - 30*f - 34. What is the units digit of z(-6)?
2
Let n(z) = 3*z**2 + 71*z - 1499. What is the hundreds digit of n(-79)?
6
Suppose 4*n + 4*g + 19461 = 110901, 3*n - 68572 = g. What is the tens digit of n?
5
Suppose 0 = -5*l + 5*a + 25, l - 1 = 4*l + 5*a. Suppose 2574 = 15*k + l*k. What is the units digit of k?
3
Suppose 0*l - 3*l - 4 = -2*g, 4*g = 5*l + 6. Let o(w) = 27*w**2 + 6*w + 6. Let p be o(l). Let k = p + 1. What is the units digit of k?
3
Let d = 4 + 17. Suppose 159 = 6*i + d. Let r = i - 7. What is the tens digit of r?
1
Let p be -8 + 19 + 2 + (-1 - 2). Suppose 0 = -3*t - t - 1704. What is the units digit of p/15*t/(-4)?
1
Suppose -3*q = -5*d - 177, q - 5*d - 16 - 43 = 0. Let b = 50 - -514. Suppose -b = 53*f - q*f. What is the tens digit of f?
9
Let l = 235 - 230. Suppose l*p = 3*b + 441, 13*p - 4*b = 10*p + 258. What is the units digit of p?
0
Let o(s) = 24*s - 62. Let u be o(16). What is the units digit of (-30)/(-20)*u/3?
1
Let t be (15/(-2))/(-1)*2. Let j = -3500 - -3518. Suppose t*z = j*z - 93. What is the tens digit of z?
3
What is the hundreds digit of -1570*(0/2 - (-192)/(-120))?
5
Let n(m) = 12*m**2 - 3*m - 23. Let u(r) = 4*r - 154. Let d be u(37). What is the units digit of n(d)?
7
Suppose 0 = 26*d - 19*d - 11207. What is the hundreds digit of d?
6
Suppose -5*t + 4*y + 0 = -7, t - 5*y = -7. Let b(r) = 25*r**2 + 8. Let o be b(t). Let l = o + -110. What is the units digit of l?
3
Let s(d) = -d**3 - 19*d**2 - 9*d + 12. Let n be s(-18). Let r = 244 + n. Suppose 13 = -f + r. What is the units digit of f?
1
Suppose 2*u = 4*g - 2828, -2*u + 0*g - 2835 = 3*g. What is the hundreds digit of (-1)/(3 + 0 + 4252/u)?
3
Suppose -x - 3*x = l - 354, 4*x - 2*l = 360. Suppose -3*i + 266 - x = 0. Suppose -4*w - 83 = -3*f, -f = -5*f - 5*w + i. What is the tens digit of f?
2
Let q = 97159 + -57434. What is the tens digit of q?
2
Suppose 15*k - 8*k = -8*k + 136950. What is the hundreds digit of k?
1
Let c = -33 - -33. Suppose c = -2*d - 3*b + 327, 4*d - 171 = -2*b + 487. What is the hundreds digit of d?
1
Suppose 5*a = -3*n + 3160, 4*n - n + 3160 = 5*a. Suppose 7*m - 159 - a = 0. What is the hundreds digit of m?
1
Let s be 5/50 + (-19)/(-10). Suppose 0 = -2*k + 3 - 9, -s*w + 230 = -4*k. What is the units digit of w?
9
Suppose -w + 60 = 5*w. Let y be 15/w*(-8)/(-6). What is the units digit of (2530/66)/(y/6)?
5
Suppose 18*x + 24 = 22*x - 3*l, -27 = -5*x + 3*l. Let b = 2 + -1. What is the tens digit of 6/(b/(x*6/9))?
1
Suppose 3*o - 4*t = 83 + 18, -3*o - 3*t = -66. Let z(m) = 6*m - 4. Let w be z(5). Let v = o - w. What is the units digit of v?
1
What is the tens digit of 24/(-44) + (-11339)/((-530)/95 + 5)?
8
Suppose -3*l + 49 - 45 = o, 5*o = -5*l. Suppose -2*r - 2*w + 364 = 3*r, -w + 2 = 0. Suppose -l*q = 3*h - 195, 5*q = -h + 2*q + r. What is the tens digit of h?
6
Suppose 2*n + 104 = 4*v, 80 = -3*v + 6*v - n. Let o(z) = -6*z**2 + 218*z - 38. What is the hundreds digit of o(v)?
3
Let t(v) = v**3 + 10*v**2 + 7*v + 6. Let c = 25 + -34. Let f be t(c). What is the tens digit of 992/f + (-2)/(-3)?
4
Suppose 0 = 6*a - a - 15. Suppose -a*i + 33 = -639. What is the tens digit of i?
2
Suppose a - 10 = -7*c + 4*c, -5*c + 30 = -5*a. What is the units digit of c?
4
Suppose 0 = -21*o - 9*o + 66300. Let c = -1480 + o. What is the units digit of c?
0
What is the thousands digit of (-164043 + -6)*45/(-135)?
4
Suppose 0 = -10*b + 3*b + 147. Let p = 72 + b. Suppose g = 2*f + 2*f - 435, 5*g - p = -f. What is the tens digit of f?
0
Suppose 4*o = 385 - 377. Suppose -2*i = -u - 1991, 5*i - 7*i = o*u - 2006. What is the units digit of i?
8
Suppose -3*a + 2*w = 48, 10*a - 3*w + 27 = 8*a. What is the tens digit of 579/(9/a*(-3 + 0))?
8
Let k be -43 + (-1)/2 + (-4)/(-8). Let g = k - -58. Let s(y) = y**2 - 12*y + 35. What is the tens digit of s(g)?
8
Let x = 54 - 31. Suppose 10*a - 3523 = x*a. Let c = a - -469. What is the units digit of c?
8
Let o = -1159 + 1044. Let v(m) = 16*m**2 - m. Let q be v(4). Let w = q + o. What is the units digit of w?
7
What is the hundreds digit of (90846/(-490))/((-3)/90*1)?
5
Let j(s) = s**3 + 3*s**2 - 3*s + 4. Let i be j(-4). Suppose -2*p - n = -561, 0*p + 3*p + n - 839 = i. What is the hundreds digit of p?
2
Let p be 120/(-21) - 4/14. Let x be p*(225/10 - -4). Let o = -102 - x. What is the units digit of o?
7
Let o(n) = 60*n**2 + 8*n + 17. Let v be (-3 + 3/2)/(21/28). Let q be o(v). Suppose -q = -3*a + 245. What is the hundreds digit of a?
1
Let y be 11/22*2/(-1). Let k(n) = 456*n**2 + 4*n + 3. What is the units digit of k(y)?
5
Let n = 843 + 1633. What is the thousands digit of n?
2
Let h = 4973 - 4975. Let d(s) = 2*s**3 - 4*s**2 - 7*s - 2. Let m(t) = -t**3 + 4*t**2 + 6*t + 1. Let v(n) = -3*d(n) - 4*m(n). What is the units digit of v(h)?
8
Suppose -3*d - 3*w - 4402 = -55108, -5*d + 3*w = -84558. What is the units digit of d?
8
Let x(r) = -r**2 - 15*r - 12. Suppose -2*f - 21 + 1 = 3*s, -3*s = -5*f - 29. What is the tens digit of x(f)?
4
What is the tens digit of 9/12 - 18815841/(-1188)?
3
Suppose 2*y + 9 - 103 = -3*i, -5*i = -2*y + 126. What is the units digit of y - -22 - (1 - 5)?
9
What is the units digit of (-3)/(-7) - 1278588/(-1316)?
2
Suppose -14 = -v - 11. Let y(s) = 2 + 11*s**3 - 2*s**2 - 30*s**v + s + 4. What is the hundreds digit of y(-2)?
1
Suppose 53*h - 482743 = 1879468 - 460359. What is the units digit of h?
4
Suppose -2*n + 4*s = 9*s - 28, 0 = n - s. Suppose 4*v = 4*k + v - 245, -128 = -2*k - n*v. Suppose -2 = l, 0 = -0*y + 4*y + l - k. What is the units digit of y?
6
Let t be (231/(-66))/((-1)/18). Suppose -68*w = -t*w - 2140. What is the hundreds digit of w?
4
Let l be (9/12)/1 + 6/(-8). Suppose -c - 3*j + 350 = l, -4*j + 0*j - 1384 = -4*c. What is the tens digit of c?
4
Let x(s) = 5*s**2 + 17*s - 39. Suppose -210 = 4*f - 19*f. What is the tens digit of x(f)?
7
Let o(g) = 57*g + 2. Let f be o(4). Suppose -f = 34*x - 35*x. Suppose -4*b + x = -2. What is the units digit of b?
8
Suppose -240 = 2*g - 10*g. What is the hundreds digit of 75/5*1164/g?
5
Suppose -13*o - 52341 = -34*o + 327066. What is the hundreds digit of o?
0
Let l be 279/(-39) + (-111)/39 + 3. Let m be ((-3)/(-7))/((-1)/l). Suppose -m*u + u = j - 125, u - j - 64 = 0. What is the units digit of u?
3
What is the tens digit of 166/83*(-10006)/(-4)?
0
Let c(v) = 3528*v + 2650. What is the hundreds digit of c(11)?
4
Suppose 5*z + 32368 = 4*s - 3811, 36151 = 4*s - z. What is the units digit of s?
6
Let d be (16/(-6))/(18/(-27)). Suppose n - x = 1039, 3*x + 1274 = d*n - 2887. What is the units digit of n?
4
Let y be 4 + (3 - (-10)/(-2)). Let f(u) = 5*u + 6*u**2 + 4*u**2 - 2 - 16*u**y + 9*u**2. What is the tens digit of f(4)?
6
Let i(l) = 2*l**3 + 10*l**2 - 7*l + 16. Let d be i(9). Suppose -3*r + 4*n + d = 0, r + r = -4*n + 1514. What is the units digit of r?
7
Let d(r) be the third derivative of r**4/12 + 7*r**3/3 + 2*r**2. Let h(x) = -44*x + 269. Let l be h(6). What is the tens digit of d(l)?
2
Let j(w) = 23*w**2 + 56*w - 543. What is the thousands digit of j(43)?
4
Let k = 96 - 134. Let j = -29 - k. Suppose -178 = -j*v + 425. What is the units digit of v?
7
Let q(b) = 9*b + 180. Let k be q(-22). Let h = k - -994. What is the tens digit of h?
7
Suppose -6*t + 2*t - 5*a - 12 = 0, -5*t - 3